{"id":1221,"date":"2023-02-08T10:16:27","date_gmt":"2023-02-08T10:16:27","guid":{"rendered":"https:\/\/projects.unifr.ch\/abccd\/?page_id=1221"},"modified":"2023-03-17T09:03:34","modified_gmt":"2023-03-17T09:03:34","slug":"it-about","status":"publish","type":"page","link":"https:\/\/projects.unifr.ch\/abccd\/it\/it-project\/it-about\/","title":{"rendered":"IT-About"},"content":{"rendered":"<p>[et_pb_section fb_built=&#8221;1&#8243; admin_label=&#8221;About Us Section&#8221; _builder_version=&#8221;4.19.4&#8243; _module_preset=&#8221;default&#8221; global_colors_info=&#8221;{}&#8221;][et_pb_row _builder_version=&#8221;4.19.4&#8243; _module_preset=&#8221;default&#8221; global_colors_info=&#8221;{}&#8221;][et_pb_column type=&#8221;4_4&#8243; _builder_version=&#8221;4.19.4&#8243; _module_preset=&#8221;default&#8221; global_colors_info=&#8221;{}&#8221;][et_pb_text admin_label=&#8221;About us&#8221; _builder_version=&#8221;4.19.4&#8243; _module_preset=&#8221;default&#8221; header_font=&#8221;Open Sans|700|||||||&#8221; header_text_color=&#8221;#043D52&#8243; header_font_size=&#8221;40px&#8221; header_2_font=&#8221;Open Sans|700|||||||&#8221; header_2_text_color=&#8221;#043D52&#8243; global_colors_info=&#8221;{}&#8221;]<\/p>\n<h1>Chi siamo<\/h1>\n<p>[\/et_pb_text][et_pb_text admin_label=&#8221;About us text&#8221; _builder_version=&#8221;4.19.4&#8243; _module_preset=&#8221;default&#8221; hover_enabled=&#8221;0&#8243; global_colors_info=&#8221;{}&#8221; sticky_enabled=&#8221;0&#8243;]<\/p>\n<p style=\"text-align: left;\"><strong>Il gruppo Autismo, Bilinguismo, Sviluppo Cognitivo e Comunicativo (ABCCD) dell&#8217;Universit\u00e0 di Friburgo si occupa sia del Disturbo dello Spettro Autistico (ASD), uno dei disturbi del neurosviluppo pi\u00f9 comuni al giorno d&#8217;oggi, sia del bilinguismo, che \u00e8 attualmente pi\u00f9 comune del monolinguismo.<\/strong><\/p>\n<p>[\/et_pb_text][\/et_pb_column][\/et_pb_row][et_pb_row column_structure=&#8221;1_3,1_3,1_3&#8243; use_custom_gutter=&#8221;on&#8221; gutter_width=&#8221;1&#8243; _builder_version=&#8221;4.19.4&#8243; _module_preset=&#8221;default&#8221; global_colors_info=&#8221;{}&#8221;][et_pb_column type=&#8221;1_3&#8243; _builder_version=&#8221;4.19.4&#8243; _module_preset=&#8221;default&#8221; global_colors_info=&#8221;{}&#8221;][et_pb_team_member name=&#8221;Stephanie Durrleman&#8221; position=&#8221;Assistant Professor&#8221; image_url=&#8221;https:\/\/projects.unifr.ch\/abccd\/wp-content\/uploads\/2023\/01\/nb-abccd-stephanie-durrleman.jpg&#8221; position_tablet=&#8221;Assistant Professor&#8221; position_phone=&#8221;Assistant Professor&#8221; position_last_edited=&#8221;on|desktop&#8221; admin_label=&#8221;Stephanie&#8221; _builder_version=&#8221;4.19.4&#8243; _module_preset=&#8221;default&#8221; header_font=&#8221;|600|||||||&#8221; header_text_color=&#8221;#043D52&#8243; header_font_size=&#8221;16px&#8221; body_font_size=&#8221;14px&#8221; background_color=&#8221;#FFFFFF&#8221; text_orientation=&#8221;center&#8221; width=&#8221;100%&#8221; module_alignment=&#8221;center&#8221; custom_padding=&#8221;|2em||2em|false|true&#8221; mix_blend_mode=&#8221;screen&#8221; child_filter_brightness=&#8221;138%&#8221; hover_enabled=&#8221;0&#8243; border_radii_image=&#8221;on|100em|100em|100em|100em&#8221; global_colors_info=&#8221;{}&#8221; sticky_enabled=&#8221;0&#8243;]<\/p>\n<p style=\"text-align: left;\">Con un dottorato in linguistica conseguito presso l&#8217;Universit\u00e0 di Ginevra, il suo lavoro accademico abbraccia una variet\u00e0 di argomenti, tra cui la teoria sintattica, l&#8217;acquisizione del linguaggio, l&#8217;interfaccia grammatica-cognizione, il bilinguismo e il fenotipo dei disturbi del linguaggio.<\/p>\n<p style=\"text-align: left;\">Questo lavoro collega la teoria linguistica con le indagini empiriche e mira anche a produrre applicazioni concrete, come la messa a punto di politiche linguistiche e interventi terapeutici per i bambini con uno sviluppo linguistico atipico.<\/p>\n<p style=\"text-align: left;\">Stephanie Durrleman \u00e8 anche appassionata del miglioramento della vita delle persone con sviluppo atipico, infatti ha ispirato la creazione del servizio web: <em>Atypicalsmile<\/em>, e un romanzo per i fratelli e le sorelle di bambini affetti d&#8217;autismo: <em>Chez Nous, c&#8217;est comme \u00e7a<\/em>.<\/p>\n<p>[\/et_pb_team_member][et_pb_social_media_follow _builder_version=&#8221;4.19.4&#8243; _module_preset=&#8221;default&#8221; text_orientation=&#8221;center&#8221; custom_margin=&#8221;1em||||false|false&#8221; global_colors_info=&#8221;{}&#8221;][et_pb_social_media_follow_network social_network=&#8221;linkedin&#8221; url=&#8221;https:\/\/www.linkedin.com\/in\/stephaniedurrleman\/&#8221; _builder_version=&#8221;4.19.4&#8243; _module_preset=&#8221;default&#8221; background_color=&#8221;#007bb6&#8243; global_colors_info=&#8221;{}&#8221; follow_button=&#8221;off&#8221; url_new_window=&#8221;on&#8221;]linkedin[\/et_pb_social_media_follow_network][\/et_pb_social_media_follow][\/et_pb_column][et_pb_column type=&#8221;1_3&#8243; _builder_version=&#8221;4.19.4&#8243; _module_preset=&#8221;default&#8221; global_colors_info=&#8221;{}&#8221;][et_pb_team_member name=&#8221;Franziska Baumeister&#8221; position=&#8221;Doctoral Student&#8221; image_url=&#8221;https:\/\/projects.unifr.ch\/abccd\/wp-content\/uploads\/2023\/01\/nb-abccd-franziska-baumeister-1.jpg&#8221; admin_label=&#8221;Franziska&#8221; _builder_version=&#8221;4.19.4&#8243; _module_preset=&#8221;default&#8221; header_font=&#8221;|600|||||||&#8221; header_text_color=&#8221;#043D52&#8243; header_font_size=&#8221;16px&#8221; body_font_size=&#8221;14px&#8221; background_color=&#8221;#FFFFFF&#8221; text_orientation=&#8221;center&#8221; width=&#8221;100%&#8221; module_alignment=&#8221;center&#8221; custom_padding=&#8221;|2em||2em|false|true&#8221; mix_blend_mode=&#8221;screen&#8221; child_filter_brightness=&#8221;138%&#8221; hover_enabled=&#8221;0&#8243; border_radii_image=&#8221;on|100em|100em|100em|100em&#8221; global_colors_info=&#8221;{}&#8221; sticky_enabled=&#8221;0&#8243;]<\/p>\n<p style=\"text-align: left;\">Franziska Baumeister ha conseguito il suo secondo master in &#8220;Multilinguismo&#8221; nel 2021, presso l&#8217;Universit\u00e0 di Costanza (Germania).<\/p>\n<p style=\"text-align: left;\">Durante i suoi studi, ha avuto l&#8217;opportunit\u00e0 di svolgere tirocini in Germania, Francia e Canada, non solo facendo da tutor a studenti universitari e contribuendo a vari progetti di ricerca, ma anche assistendo bambini con disturbi dello sviluppo.<\/p>\n<p style=\"text-align: left;\">Grazie a queste esperienze, si \u00e8 interessata alla ricerca sul multilinguismo e ora lavorer\u00e0 sulle ripercussioni cognitive dell&#8217;esposizione alla doppia lingua in bambini con e senza disturbo dello spettro autistico.<\/p>\n<p style=\"text-align: left;\"><a href=\"mailto:Nadine.hennemann@unifr.ch\"><\/a><\/p>\n<p>[\/et_pb_team_member][et_pb_social_media_follow _builder_version=&#8221;4.19.4&#8243; _module_preset=&#8221;default&#8221; text_orientation=&#8221;center&#8221; custom_margin=&#8221;1em||||false|false&#8221; hover_enabled=&#8221;0&#8243; global_colors_info=&#8221;{}&#8221; sticky_enabled=&#8221;0&#8243;][et_pb_social_media_follow_network social_network=&#8221;linkedin&#8221; _builder_version=&#8221;4.19.4&#8243; _module_preset=&#8221;default&#8221; background_color=&#8221;#007bb6&#8243; hover_enabled=&#8221;0&#8243; global_colors_info=&#8221;{}&#8221; follow_button=&#8221;off&#8221; url_new_window=&#8221;on&#8221; url=&#8221;https:\/\/ch.linkedin.com\/in\/franziska-baumeister-70376826a?&#8221; sticky_enabled=&#8221;0&#8243;]linkedin[\/et_pb_social_media_follow_network][\/et_pb_social_media_follow][\/et_pb_column][et_pb_column type=&#8221;1_3&#8243; _builder_version=&#8221;4.19.4&#8243; _module_preset=&#8221;default&#8221; global_colors_info=&#8221;{}&#8221;][et_pb_team_member name=&#8221;Pauline Wolfer&#8221; position=&#8221;Doctoral Student&#8221; image_url=&#8221;https:\/\/projects.unifr.ch\/abccd\/wp-content\/uploads\/2023\/01\/nb-abccd-pauline-wolfer.jpg&#8221; admin_label=&#8221;Pauline&#8221; _builder_version=&#8221;4.19.4&#8243; _module_preset=&#8221;default&#8221; header_font=&#8221;|600|||||||&#8221; header_text_color=&#8221;#043D52&#8243; header_font_size=&#8221;16px&#8221; body_font_size=&#8221;14px&#8221; background_color=&#8221;#FFFFFF&#8221; text_orientation=&#8221;center&#8221; width=&#8221;100%&#8221; module_alignment=&#8221;center&#8221; custom_padding=&#8221;|2em||2em|false|true&#8221; mix_blend_mode=&#8221;screen&#8221; child_filter_brightness=&#8221;138%&#8221; hover_enabled=&#8221;0&#8243; border_radii_image=&#8221;on|100em|100em|100em|100em&#8221; global_colors_info=&#8221;{}&#8221; sticky_enabled=&#8221;0&#8243;]<\/p>\n<p style=\"text-align: left;\">Pauline Wolfer proviene dalla regione transfrontaliera svizzero-franco-tedesca dell&#8217;Alsazia, per cui il multilinguismo \u00e8 sempre stato un aspetto importante della sua vita quotidiana. \u00c8 logopedista e ha conseguito un master in Neuroscienze cognitive e comportamentali presso l&#8217;Universit\u00e0 di Aix-Marseille.<\/p>\n<p style=\"text-align: left;\">Affascinata dai numerosi aspetti del multilinguismo, combina la sua esperienza clinica con la ricerca per comprendere meglio il suo impatto sulla cognizione dei bambini a sviluppo tipico e dei bambini con disturbo dello spettro autistico.<\/p>\n<p>[\/et_pb_team_member][et_pb_social_media_follow _builder_version=&#8221;4.19.4&#8243; _module_preset=&#8221;default&#8221; text_orientation=&#8221;center&#8221; custom_margin=&#8221;1em||||false|false&#8221; global_colors_info=&#8221;{}&#8221;][et_pb_social_media_follow_network social_network=&#8221;linkedin&#8221; url=&#8221;https:\/\/www.linkedin.com\/in\/pauline-wolfer-9b626a126\/&#8221; _builder_version=&#8221;4.19.4&#8243; _module_preset=&#8221;default&#8221; background_color=&#8221;#007bb6&#8243; global_colors_info=&#8221;{}&#8221; follow_button=&#8221;off&#8221; url_new_window=&#8221;on&#8221;]linkedin[\/et_pb_social_media_follow_network][\/et_pb_social_media_follow][\/et_pb_column][\/et_pb_row][et_pb_row _builder_version=&#8221;4.19.4&#8243; _module_preset=&#8221;default&#8221; global_colors_info=&#8221;{}&#8221;][et_pb_column type=&#8221;4_4&#8243; _builder_version=&#8221;4.19.4&#8243; _module_preset=&#8221;default&#8221; global_colors_info=&#8221;{}&#8221;][et_pb_text _builder_version=&#8221;4.19.4&#8243; _module_preset=&#8221;default&#8221; global_colors_info=&#8221;{}&#8221;]<\/p>\n<p>Inoltre, siamo supportati da un grande team di studenti:<\/p>\n<p>[\/et_pb_text][\/et_pb_column][\/et_pb_row][et_pb_row column_structure=&#8221;1_4,1_4,1_4,1_4&#8243; _builder_version=&#8221;4.19.4&#8243; _module_preset=&#8221;default&#8221; global_colors_info=&#8221;{}&#8221;][et_pb_column type=&#8221;1_4&#8243; _builder_version=&#8221;4.19.4&#8243; _module_preset=&#8221;default&#8221; global_colors_info=&#8221;{}&#8221;][et_pb_text _builder_version=&#8221;4.19.4&#8243; _module_preset=&#8221;default&#8221; global_colors_info=&#8221;{}&#8221;]<\/p>\n<p><strong>Attuali Stagisti<\/strong><\/p>\n<ul>\n<li>Ariana Malaga<\/li>\n<li>Marine Domin\u00e9<\/li>\n<li>Jan Ponti<\/li>\n<\/ul>\n<p>[\/et_pb_text][\/et_pb_column][et_pb_column type=&#8221;1_4&#8243; _builder_version=&#8221;4.19.4&#8243; _module_preset=&#8221;default&#8221; global_colors_info=&#8221;{}&#8221;][et_pb_text _builder_version=&#8221;4.19.4&#8243; _module_preset=&#8221;default&#8221; global_colors_info=&#8221;{}&#8221;]<\/p>\n<p><strong>Studenti di Bachelor<\/strong><\/p>\n<ul>\n<li>Vanessa Tarchini<\/li>\n<li>Alice Sakic<\/li>\n<li>Dana Di Giulio<\/li>\n<li>Lena Friedeck<\/li>\n<\/ul>\n<p>[\/et_pb_text][\/et_pb_column][et_pb_column type=&#8221;1_4&#8243; _builder_version=&#8221;4.19.4&#8243; _module_preset=&#8221;default&#8221; global_colors_info=&#8221;{}&#8221;][et_pb_text _builder_version=&#8221;4.19.4&#8243; _module_preset=&#8221;default&#8221; global_colors_info=&#8221;{}&#8221;]<\/p>\n<p><strong>Studenti di Master<\/strong><\/p>\n<ul>\n<li>Camila Fernandez Rodriguez<\/li>\n<li>Laura Anex<\/li>\n<li>Julia Pointet<\/li>\n<li>Melissa Scalvadi<\/li>\n<li>Agn\u00e8s Delauche<\/li>\n<li>H\u00e9l\u00e8ne Regnard<\/li>\n<li>Marion Duquay<\/li>\n<li>Edwige Guin<\/li>\n<li>Nathalie Klein<\/li>\n<\/ul>\n<p>[\/et_pb_text][\/et_pb_column][et_pb_column type=&#8221;1_4&#8243; _builder_version=&#8221;4.19.4&#8243; _module_preset=&#8221;default&#8221; global_colors_info=&#8221;{}&#8221;][et_pb_text _builder_version=&#8221;4.19.4&#8243; _module_preset=&#8221;default&#8221; global_colors_info=&#8221;{}&#8221;]<\/p>\n<p><strong>Ex Studenti e Stagisti<\/strong><\/p>\n<ul>\n<li>Celia Amstutz<\/li>\n<li>Valentine Boillat<\/li>\n<li>Giulia Pelletier<\/li>\n<li>Olivia Mavilla<\/li>\n<li>Coralie Terreaux<\/li>\n<li>Laura Raymondaz<\/li>\n<li>Annamaria Lepori<\/li>\n<li>Cl\u00e9mence Tauzin<\/li>\n<li>Julie Chautard<\/li>\n<li>Joachim Bono<\/li>\n<li>Laura Tripiciano<\/li>\n<li>Julia Vogl<\/li>\n<li>Chantal Cebula<\/li>\n<li>Nadine Hennemann<\/li>\n<li>Ma\u00eft\u00e9 Fontela<\/li>\n<li>Giulia Di Pierri<\/li>\n<li>Sara Chergia<\/li>\n<\/ul>\n<p>[\/et_pb_text][\/et_pb_column][\/et_pb_row][\/et_pb_section]<\/p>\n","protected":false},"excerpt":{"rendered":"<p>Chi siamoIl gruppo Autismo, Bilinguismo, Sviluppo Cognitivo e Comunicativo (ABCCD) dell&#8217;Universit\u00e0 di Friburgo si occupa sia del Disturbo dello Spettro Autistico (ASD), uno dei disturbi del neurosviluppo pi\u00f9 comuni al giorno d&#8217;oggi, sia del bilinguismo, che \u00e8 attualmente pi\u00f9 comune del monolinguismo.Con un dottorato in linguistica conseguito presso l&#8217;Universit\u00e0 di Ginevra, il suo lavoro accademico [&hellip;]<\/p>\n","protected":false},"author":3,"featured_media":0,"parent":1232,"menu_order":0,"comment_status":"closed","ping_status":"closed","template":"","meta":{"_et_pb_use_builder":"on","_et_pb_old_content":"","_et_gb_content_width":""},"_links":{"self":[{"href":"https:\/\/projects.unifr.ch\/abccd\/wp-json\/wp\/v2\/pages\/1221"}],"collection":[{"href":"https:\/\/projects.unifr.ch\/abccd\/wp-json\/wp\/v2\/pages"}],"about":[{"href":"https:\/\/projects.unifr.ch\/abccd\/wp-json\/wp\/v2\/types\/page"}],"author":[{"embeddable":true,"href":"https:\/\/projects.unifr.ch\/abccd\/wp-json\/wp\/v2\/users\/3"}],"replies":[{"embeddable":true,"href":"https:\/\/projects.unifr.ch\/abccd\/wp-json\/wp\/v2\/comments?post=1221"}],"version-history":[{"count":5,"href":"https:\/\/projects.unifr.ch\/abccd\/wp-json\/wp\/v2\/pages\/1221\/revisions"}],"predecessor-version":[{"id":1566,"href":"https:\/\/projects.unifr.ch\/abccd\/wp-json\/wp\/v2\/pages\/1221\/revisions\/1566"}],"up":[{"embeddable":true,"href":"https:\/\/projects.unifr.ch\/abccd\/wp-json\/wp\/v2\/pages\/1232"}],"wp:attachment":[{"href":"https:\/\/projects.unifr.ch\/abccd\/wp-json\/wp\/v2\/media?parent=1221"}],"curies":[{"name":"wp","href":"https:\/\/api.w.org\/{rel}","templated":true}]}}