{"id":638,"date":"2021-07-12T15:48:44","date_gmt":"2021-07-12T13:48:44","guid":{"rendered":"https:\/\/projects.unifr.ch\/aesthetics-critique\/?page_id=638"},"modified":"2021-07-12T15:54:10","modified_gmt":"2021-07-12T13:54:10","slug":"emmanuel-alloa","status":"publish","type":"page","link":"https:\/\/projects.unifr.ch\/aesthetics-critique\/team\/emmanuel-alloa\/","title":{"rendered":"Emmanuel Alloa"},"content":{"rendered":"\n<figure class=\"wp-block-image size-large is-resized\"><img decoding=\"async\" loading=\"lazy\" src=\"https:\/\/projects.unifr.ch\/aesthetics-critique\/wp-content\/uploads\/2021\/02\/alloa.jpg\" alt=\"\" class=\"wp-image-99\" width=\"406\" height=\"406\" srcset=\"https:\/\/projects.unifr.ch\/aesthetics-critique\/wp-content\/uploads\/2021\/02\/alloa.jpg 600w, https:\/\/projects.unifr.ch\/aesthetics-critique\/wp-content\/uploads\/2021\/02\/alloa-300x300.jpg 300w, https:\/\/projects.unifr.ch\/aesthetics-critique\/wp-content\/uploads\/2021\/02\/alloa-150x150.jpg 150w, https:\/\/projects.unifr.ch\/aesthetics-critique\/wp-content\/uploads\/2021\/02\/alloa-560x560.jpg 560w\" sizes=\"(max-width: 406px) 100vw, 406px\" \/><\/figure>\n\n\n\n<p>Emmanuel Alloa est professeur d&#8217;esth\u00e9tique et de philosophie. Apr\u00e8s des \u00e9tudes de philosophie, histoire et histoire de l\u2019art \u00e0 Freiburg (D), Padoue, Berlin et Paris, il a obtenu un doctorat en philosophie de l\u2019Universit\u00e9 de Paris I-Panth\u00e9on et de la Freie Universit\u00e4t Berlin (cotutelle) en 2009. Enseignant en arts plastiques \u00e0 Paris 8, il a \u00e9t\u00e9 chercheur postdoctoral aupr\u00e8s du P\u00f4le National de Recherche eikones (B\u00e2le) et professeur assistant en philosophie aupr\u00e8s de l\u2019Universit\u00e9 de Saint-Gall. Il a men\u00e9 plusieurs s\u00e9jours en tant que professeur ou chercheur invit\u00e9 (\u00ab fellow \u00bb) aupr\u00e8s de diff\u00e9rentes institutions internationales, dont l\u2019Italian Academy for Advanced Studies de la Columbia University (New York), l\u2019Universidad San Nicol\u00e1s de Hidalgo (Mexique), l\u2019UFMG de Belo Horizonte (Br\u00e9sil), l\u2019IKKM \u00e0 la Bauhaus-Universit\u00e4t Weimar, l\u2019Universit\u00e9 de Vienne ou encore l\u2019Universit\u00e9 de Berkeley. Ses travaux ont \u00e9t\u00e9 r\u00e9compens\u00e9s par plusieurs prix, dont le prix Latsis 2016 et le Wissenschaftspreis Aby Warburg 2019.<\/p>\n","protected":false},"excerpt":{"rendered":"<p>Emmanuel Alloa est professeur d&#8217;esth\u00e9tique et de philosophie. Apr\u00e8s des \u00e9tudes de philosophie, histoire et histoire de l\u2019art \u00e0 Freiburg (D), Padoue, Berlin et Paris, il a obtenu un doctorat en philosophie de l\u2019Universit\u00e9 de Paris I-Panth\u00e9on et de la Freie Universit\u00e4t Berlin (cotutelle) en 2009. Enseignant en arts plastiques \u00e0 Paris 8, il a &#8230; <a title=\"Emmanuel Alloa\" class=\"read-more\" href=\"https:\/\/projects.unifr.ch\/aesthetics-critique\/team\/emmanuel-alloa\/\">Read more<span class=\"screen-reader-text\">Emmanuel Alloa<\/span><\/a><\/p>\n","protected":false},"author":3,"featured_media":0,"parent":26,"menu_order":0,"comment_status":"closed","ping_status":"closed","template":"","meta":{"footnotes":""},"_links":{"self":[{"href":"https:\/\/projects.unifr.ch\/aesthetics-critique\/wp-json\/wp\/v2\/pages\/638"}],"collection":[{"href":"https:\/\/projects.unifr.ch\/aesthetics-critique\/wp-json\/wp\/v2\/pages"}],"about":[{"href":"https:\/\/projects.unifr.ch\/aesthetics-critique\/wp-json\/wp\/v2\/types\/page"}],"author":[{"embeddable":true,"href":"https:\/\/projects.unifr.ch\/aesthetics-critique\/wp-json\/wp\/v2\/users\/3"}],"replies":[{"embeddable":true,"href":"https:\/\/projects.unifr.ch\/aesthetics-critique\/wp-json\/wp\/v2\/comments?post=638"}],"version-history":[{"count":2,"href":"https:\/\/projects.unifr.ch\/aesthetics-critique\/wp-json\/wp\/v2\/pages\/638\/revisions"}],"predecessor-version":[{"id":644,"href":"https:\/\/projects.unifr.ch\/aesthetics-critique\/wp-json\/wp\/v2\/pages\/638\/revisions\/644"}],"up":[{"embeddable":true,"href":"https:\/\/projects.unifr.ch\/aesthetics-critique\/wp-json\/wp\/v2\/pages\/26"}],"wp:attachment":[{"href":"https:\/\/projects.unifr.ch\/aesthetics-critique\/wp-json\/wp\/v2\/media?parent=638"}],"curies":[{"name":"wp","href":"https:\/\/api.w.org\/{rel}","templated":true}]}}