{"id":616,"date":"2023-04-25T17:04:21","date_gmt":"2023-04-25T15:04:21","guid":{"rendered":"https:\/\/projects.unifr.ch\/ppsa\/?page_id=616"},"modified":"2023-04-25T17:04:22","modified_gmt":"2023-04-25T15:04:22","slug":"faire-un-don","status":"publish","type":"page","link":"https:\/\/projects.unifr.ch\/ppsa\/faire-un-don\/","title":{"rendered":"Faire un don"},"content":{"rendered":"\n<p>Rejoignez-nous pour soutenir la recherche innovante et la poursuite de plus d\u2019\u00e9galit\u00e9 des genres avec l&rsquo;\u00e9quipe de recherche PPSA de l&rsquo;Universit\u00e9 de Fribourg. Au cours de la derni\u00e8re d\u00e9cennie, nous avons \u00e9t\u00e9 \u00e0 l&rsquo;avant-garde de la d\u00e9construction et de la remise en question de la perspective androcentr\u00e9e qui impr\u00e8gne notre soci\u00e9t\u00e9, o\u00f9 les hommes sont souvent consid\u00e9r\u00e9s comme des valeurs centrales et neutres.<\/p>\n\n\n\n<p>Nos recherches ont d\u00e9j\u00e0 apport\u00e9 des contributions significatives dans ce domaine, et nous avons appliqu\u00e9 nos r\u00e9sultats au travers de diff\u00e9rentes interventions pratiques visant \u00e0 r\u00e9pondre \u00e0 des besoins soci\u00e9taux. Notre livre de vulgarisation scientifique, \u00ab\u00a0Le cerveau pense-t-il au masculin ?\u00a0\u00bb, publi\u00e9 aux \u00c9ditions LeRobert, a d\u2019ailleurs suscit\u00e9 une grande attention et nous a permis d\u2019\u00e9largir notre champ d&rsquo;action.<\/p>\n\n\n\n<p>Cependant, nous souhaitons mettre en place une \u00e9quipe PPSA plus p\u00e9renne et plus visible, qui s\u2019auto-financera et aura un impact soci\u00e9tal encore plus fort. Pour atteindre cet objectif, nous avons besoin de votre soutien. Nous souhaitons financer l&rsquo;\u00e9quipe PPSA par le biais de trois sources principales : (a) les fonds de recherche publics accord\u00e9s aux universitaires, (b) les services aux institutions et entreprises priv\u00e9es et publiques, y compris les mandats de recherche, les conf\u00e9rences, les ateliers et le conseil, et (c) les dons et la philanthropie.<\/p>\n\n\n\n<p>En nous soutenant, vous participerez \u00e0 un effort collectif visant \u00e0 cr\u00e9er une \u00e9quipe PPSA solide, innovante et durable qui continuera \u00e0 d\u00e9fier les normes soci\u00e9tales et \u00e0 promouvoir l&rsquo;\u00e9galit\u00e9 entre les femmes et les hommes, et toutes les personnes ne s\u2019identifiant pas \u00e0 ces cat\u00e9gories. Rejoignez-nous dans notre mission: cr\u00e9er une soci\u00e9t\u00e9 plus inclusive et plus juste. Chaque contribution compte et, ensemble, nous pouvons avoir un impact significatif !<\/p>\n\n\n\n<p>Compte Fair Language<br>Banque Cantonale de Fribourg, 1700 Fribourg<br>B\u00e9n\u00e9ficiaire : Universit\u00e9 de Fribourg, Administration, 1700 Fribourg<br>IBAN : CH56 0076 8011 0040 1760 0<br>SWIFT : BEFRCH22<br>R\u00e9f\u00e9rence de paiement :&nbsp;TE-40424<\/p>\n","protected":false},"excerpt":{"rendered":"<p>Rejoignez-nous pour soutenir la recherche innovante et la poursuite de plus d\u2019\u00e9galit\u00e9 des genres avec l&rsquo;\u00e9quipe de recherche PPSA de l&rsquo;Universit\u00e9 de Fribourg. Au cours de la derni\u00e8re d\u00e9cennie, nous avons \u00e9t\u00e9 \u00e0 l&rsquo;avant-garde de la d\u00e9construction et de la remise en question de la perspective androcentr\u00e9e qui impr\u00e8gne notre soci\u00e9t\u00e9, o\u00f9 les hommes sont &hellip; <a href=\"https:\/\/projects.unifr.ch\/ppsa\/faire-un-don\/\" class=\"more-link\">Continuer la lecture de <span class=\"screen-reader-text\">Faire un don<\/span><\/a><\/p>\n","protected":false},"author":3,"featured_media":614,"parent":0,"menu_order":0,"comment_status":"closed","ping_status":"closed","template":"","meta":[],"_links":{"self":[{"href":"https:\/\/projects.unifr.ch\/ppsa\/wp-json\/wp\/v2\/pages\/616"}],"collection":[{"href":"https:\/\/projects.unifr.ch\/ppsa\/wp-json\/wp\/v2\/pages"}],"about":[{"href":"https:\/\/projects.unifr.ch\/ppsa\/wp-json\/wp\/v2\/types\/page"}],"author":[{"embeddable":true,"href":"https:\/\/projects.unifr.ch\/ppsa\/wp-json\/wp\/v2\/users\/3"}],"replies":[{"embeddable":true,"href":"https:\/\/projects.unifr.ch\/ppsa\/wp-json\/wp\/v2\/comments?post=616"}],"version-history":[{"count":2,"href":"https:\/\/projects.unifr.ch\/ppsa\/wp-json\/wp\/v2\/pages\/616\/revisions"}],"predecessor-version":[{"id":619,"href":"https:\/\/projects.unifr.ch\/ppsa\/wp-json\/wp\/v2\/pages\/616\/revisions\/619"}],"wp:featuredmedia":[{"embeddable":true,"href":"https:\/\/projects.unifr.ch\/ppsa\/wp-json\/wp\/v2\/media\/614"}],"wp:attachment":[{"href":"https:\/\/projects.unifr.ch\/ppsa\/wp-json\/wp\/v2\/media?parent=616"}],"curies":[{"name":"wp","href":"https:\/\/api.w.org\/{rel}","templated":true}]}}