{"id":177,"date":"2023-07-06T13:04:33","date_gmt":"2023-07-06T11:04:33","guid":{"rendered":"https:\/\/projects.unifr.ch\/students-cold-war\/?page_id=177"},"modified":"2026-03-09T16:58:42","modified_gmt":"2026-03-09T15:58:42","slug":"publications","status":"publish","type":"page","link":"https:\/\/projects.unifr.ch\/students-cold-war\/publications\/","title":{"rendered":"publications"},"content":{"rendered":"\n<p>These publications resulted from our research project:<\/p>\n\n\n\n<div style=\"height:80px\" aria-hidden=\"true\" class=\"wp-block-spacer\"><\/div>\n\n\n\n<div class=\"wp-block-group is-vertical is-content-justification-center is-layout-flex wp-container-5\">\n<div class=\"wp-block-columns is-layout-flex wp-container-4\">\n<div class=\"wp-block-column is-layout-flow\" style=\"flex-basis:90%\">\n<p style=\"margin-left:.5in;text-indent:-.5in\">Pe\u0161ta, Mikul\u00e1\u0161: <b>Student Internationalism and the Global Cold War. The International Union of Students in Socialist Prague<\/b> London 2026.<\/p>\n<\/div>\n\n\n\n<div class=\"wp-block-column is-layout-flow\" style=\"flex-basis:15%\">\n<div class=\"wp-block-buttons is-content-justification-center is-layout-flex wp-container-2\">\n<div class=\"wp-block-button\"><a class=\"wp-block-button__link wp-element-button\" href=\"https:\/\/www.bloomsburycollections.com\/monograph?docid=b-9781350437586\" target=\"_blank\" rel=\"noreferrer noopener\">Link<\/a><\/div>\n<\/div>\n<\/div>\n<\/div>\n\n\n\n<hr class=\"wp-block-separator has-alpha-channel-opacity\"\/>\n\n\n\n<div style=\"height:10px\" aria-hidden=\"true\" class=\"wp-block-spacer\"><\/div>\n<\/div>\n\n\n\n<div class=\"wp-block-group is-vertical is-content-justification-center is-layout-flex wp-container-10\">\n<div class=\"wp-block-columns is-layout-flex wp-container-9\">\n<div class=\"wp-block-column is-layout-flow\" style=\"flex-basis:90%\">\n<p style=\"margin-left:.5in;text-indent:-.5in\">Gillabert, Matthieu: <b>Warszawski festiwal \u2013 wytw\u00f3rnia odmienno\u015bci<\/b>, in: Brzostek, B\u0142a\u017cej, Rojek, Zofia (eds.): Festiwal 1955. \u015awi\u0119to m\u0142odo\u015bci, Warsaw 2025, p. 161\u2013166.<\/p>\n<\/div>\n\n\n\n<div class=\"wp-block-column is-layout-flow\" style=\"flex-basis:15%\">\n<div class=\"wp-block-buttons is-content-justification-center is-layout-flex wp-container-7\">\n<div class=\"wp-block-button\"><a class=\"wp-block-button__link wp-element-button\" href=\"https:\/\/sklep.muzeumwarszawy.pl\/pl\/p\/Festiwal-1955.-Swieto-mlodosci\/2485\">Link<\/a><\/div>\n<\/div>\n<\/div>\n<\/div>\n\n\n\n<hr class=\"wp-block-separator has-alpha-channel-opacity\"\/>\n\n\n\n<div style=\"height:10px\" aria-hidden=\"true\" class=\"wp-block-spacer\"><\/div>\n<\/div>\n\n\n\n<div class=\"wp-block-group is-vertical is-content-justification-center is-layout-flex wp-container-15\">\n<div class=\"wp-block-columns is-layout-flex wp-container-14\">\n<div class=\"wp-block-column is-layout-flow\" style=\"flex-basis:90%\">\n<p style=\"margin-left:.5in;text-indent:-.5in\">Lesnykh, Lidia: <b>Sur les pistes de l\u2019amiti\u00e9 : le Camp international de ski de l\u2019Union internationale des \u00e9tudiants (1948-1958)<\/b>, Histoire de l\u2019\u00e9ducation (163), 2025, p. 131\u2013144.<\/p>\n<\/div>\n\n\n\n<div class=\"wp-block-column is-layout-flow\" style=\"flex-basis:15%\">\n<div class=\"wp-block-buttons is-content-justification-center is-layout-flex wp-container-12\">\n<div class=\"wp-block-button\"><a class=\"wp-block-button__link wp-element-button\" href=\"https:\/\/doi.org\/10.4000\/14893\" target=\"_blank\" rel=\"noreferrer noopener\">Link<\/a><\/div>\n<\/div>\n<\/div>\n<\/div>\n\n\n\n<hr class=\"wp-block-separator has-alpha-channel-opacity\"\/>\n\n\n\n<div style=\"height:10px\" aria-hidden=\"true\" class=\"wp-block-spacer\"><\/div>\n<\/div>\n\n\n\n<div class=\"wp-block-group is-vertical is-content-justification-center is-layout-flex wp-container-20\">\n<div class=\"wp-block-columns is-layout-flex wp-container-19\">\n<div class=\"wp-block-column is-layout-flow\" style=\"flex-basis:90%\">\n<p style=\"margin-left:.5in;text-indent:-.5in\">Gillabert, Matthieu, Lesnykh, Lidia, Pe\u0161ta, Mikul\u00e1\u0161: <b>Student Internationalism in the Global Cold War: The Foundation and Split of the International Union of Students<\/b>, in: Kott, Sandrine, Muschik, Eva-Maria, Roehrlich, Elisabeth\u00a0(eds.): International Organizations and the Cold War: Competition, Cooperation, and Convergence, New York 2025 (Histories of Internationalism), p.\u00a0131\u2013144.<\/p>\n<\/div>\n\n\n\n<div class=\"wp-block-column is-layout-flow\" style=\"flex-basis:15%\">\n<div class=\"wp-block-buttons is-content-justification-center is-layout-flex wp-container-17\">\n<div class=\"wp-block-button\"><a class=\"wp-block-button__link wp-element-button\" href=\"https:\/\/doi.org\/10.5040\/9781350423985.ch-9\" target=\"_blank\" rel=\"noreferrer noopener\">Link<\/a><\/div>\n<\/div>\n<\/div>\n<\/div>\n\n\n\n<hr class=\"wp-block-separator has-alpha-channel-opacity\"\/>\n\n\n\n<div style=\"height:10px\" aria-hidden=\"true\" class=\"wp-block-spacer\"><\/div>\n<\/div>\n\n\n\n<div class=\"wp-block-group is-vertical is-content-justification-center is-layout-flex wp-container-25\">\n<div class=\"wp-block-columns is-layout-flex wp-container-24\">\n<div class=\"wp-block-column is-layout-flow\" style=\"flex-basis:90%\">\n<p style=\"margin-left:.5in;text-indent:-.5in\">Pe\u0161ta, Mikul\u00e1\u0161: <b>A Hub of Anti-Colonialism: Prague&#8217;s International Organizations in the Transnational Socialist Network and Global Cold War<\/b>, in: Journal of Contemporary History (59, 3), 2024.<\/p>\n<\/div>\n\n\n\n<div class=\"wp-block-column is-layout-flow\" style=\"flex-basis:15%\">\n<div class=\"wp-block-buttons is-content-justification-center is-layout-flex wp-container-22\">\n<div class=\"wp-block-button\"><a class=\"wp-block-button__link wp-element-button\" href=\"https:\/\/doi.org\/10.1177\/00220094241234583\" target=\"_blank\" rel=\"noreferrer noopener\">Link<\/a><\/div>\n<\/div>\n<\/div>\n<\/div>\n\n\n\n<div style=\"height:10px\" aria-hidden=\"true\" class=\"wp-block-spacer\"><\/div>\n\n\n\n<hr class=\"wp-block-separator has-alpha-channel-opacity\"\/>\n\n\n\n<div style=\"height:10px\" aria-hidden=\"true\" class=\"wp-block-spacer\"><\/div>\n<\/div>\n\n\n\n<div class=\"wp-block-group is-vertical is-content-justification-center is-layout-flex wp-container-30\">\n<div class=\"wp-block-columns is-layout-flex wp-container-29\">\n<div class=\"wp-block-column is-layout-flow\" style=\"flex-basis:90%\">\n<p style=\"margin-left:.5in;text-indent:-.5in\">Lesnykh, Lidia: <b>The Creation of the International University Sports Federation (FISU): The Student Cold War from 1946 to 1949<\/b>, European Studies in Sports History (16), 2023, p. 7-32.<\/p>\n<\/div>\n\n\n\n<div class=\"wp-block-column is-layout-flow\" style=\"flex-basis:15%\">\n<div class=\"wp-block-buttons is-content-justification-center is-layout-flex wp-container-27\">\n<div class=\"wp-block-button\"><a class=\"wp-block-button__link wp-element-button\" href=\"https:\/\/www.purh-ed.fr\/book\/?gcoi=28777100733270#h2tabtableContents\" target=\"_blank\" rel=\"noreferrer noopener\">Link<\/a><\/div>\n<\/div>\n<\/div>\n<\/div>\n\n\n\n<hr class=\"wp-block-separator has-alpha-channel-opacity\"\/>\n\n\n\n<div style=\"height:10px\" aria-hidden=\"true\" class=\"wp-block-spacer\"><\/div>\n<\/div>\n\n\n\n<div class=\"wp-block-group is-vertical is-content-justification-center is-layout-flex wp-container-35\">\n<div class=\"wp-block-columns is-layout-flex wp-container-34\">\n<div class=\"wp-block-column is-layout-flow\" style=\"flex-basis:90%\">\n<p style=\"margin-left:.5in;text-indent:-.5in\">Gillabert, Matthieu; Pe\u0161ta, Mikul\u00e1\u0161: <b>L\u2019Union internationale des \u00e9tudiants (UIE). Strat\u00e9gies de l\u00e9gitimation en d\u00e9but de guerre froide mondiale<\/b>, in: Les cahiers du GERME (34), 2022, p. 79\u201383.<\/p>\n<\/div>\n\n\n\n<div class=\"wp-block-column is-layout-flow\" style=\"flex-basis:15%\">\n<div class=\"wp-block-buttons is-content-justification-center is-layout-flex wp-container-32\">\n<div class=\"wp-block-button\"><a class=\"wp-block-button__link wp-element-button\" href=\"https:\/\/www.germe-inform.fr\/wp-content\/uploads\/2013\/10\/Cahiers-du-Germe-34-complet.pdf\">Link<\/a><\/div>\n<\/div>\n<\/div>\n<\/div>\n\n\n\n<div style=\"height:35px\" aria-hidden=\"true\" class=\"wp-block-spacer\"><\/div>\n<\/div>\n","protected":false},"excerpt":{"rendered":"<p>These publications resulted from our research project: Pe\u0161ta, Mikul\u00e1\u0161: Student Internationalism and the Global Cold War. The International Union of Students in Socialist Prague London 2026. Gillabert, Matthieu: Warszawski festiwal \u2013 wytw\u00f3rnia odmienno\u015bci, in: Brzostek, B\u0142a\u017cej, Rojek, Zofia (eds.): Festiwal 1955. \u015awi\u0119to m\u0142odo\u015bci, Warsaw 2025, p. 161\u2013166. Lesnykh, Lidia: Sur les pistes de l\u2019amiti\u00e9 : [&hellip;]<\/p>\n","protected":false},"author":4,"featured_media":0,"parent":0,"menu_order":0,"comment_status":"closed","ping_status":"closed","template":"","meta":[],"_links":{"self":[{"href":"https:\/\/projects.unifr.ch\/students-cold-war\/wp-json\/wp\/v2\/pages\/177"}],"collection":[{"href":"https:\/\/projects.unifr.ch\/students-cold-war\/wp-json\/wp\/v2\/pages"}],"about":[{"href":"https:\/\/projects.unifr.ch\/students-cold-war\/wp-json\/wp\/v2\/types\/page"}],"author":[{"embeddable":true,"href":"https:\/\/projects.unifr.ch\/students-cold-war\/wp-json\/wp\/v2\/users\/4"}],"replies":[{"embeddable":true,"href":"https:\/\/projects.unifr.ch\/students-cold-war\/wp-json\/wp\/v2\/comments?post=177"}],"version-history":[{"count":40,"href":"https:\/\/projects.unifr.ch\/students-cold-war\/wp-json\/wp\/v2\/pages\/177\/revisions"}],"predecessor-version":[{"id":739,"href":"https:\/\/projects.unifr.ch\/students-cold-war\/wp-json\/wp\/v2\/pages\/177\/revisions\/739"}],"wp:attachment":[{"href":"https:\/\/projects.unifr.ch\/students-cold-war\/wp-json\/wp\/v2\/media?parent=177"}],"curies":[{"name":"wp","href":"https:\/\/api.w.org\/{rel}","templated":true}]}}